 2*l - 3*l. Calculate the highest common divisor of l and 28.
28
Suppose -106 - 50 = -4*m. Suppose -i = x - 6*x + 65, -3*x = 3*i - m. Calculate the greatest common factor of x and 91.
13
Suppose 3*z = -r + 15, -3*r + 2*z + 25 = z. Let i be (-2)/3 + 290/30. What is the greatest common factor of i and r?
9
Let c be 1*(3 - 2)/(-2 - -3). What is the greatest common divisor of c and 7?
1
Let d(w) = -8*w + 75. Let u be d(-12). Calculate the highest common factor of u and 19.
19
Let m(k) = -k**2 + 7*k - 3. Let h be (-3 + -3)/((-2)/2). Let b be m(h). What is the greatest common divisor of 9 and b?
3
Let u be (6/8)/((-4)/16). Let c = u - -5. Let v be (28/(-6))/((-2)/6). Calculate the greatest common factor of c and v.
2
Let q(z) be the second derivative of z**4/2 - z**3/6 - 4*z. Let d be q(1). Calculate the highest common factor of d and 2.
1
Suppose -7*k = -4*t - 3*k + 168, -196 = -5*t - 2*k. Let h be (10 - 0)*(-2)/(-4). What is the greatest common divisor of t and h?
5
Suppose t - 162 - 15 = 0. Let p = t + -77. What is the highest common factor of 40 and p?
20
Let w(z) = z**3 - 6*z**2 + 2. Let b be w(6). Calculate the greatest common factor of b and 2.
2
Suppose -5*d - 3*u = -8*u - 5, -2*d - 3*u + 7 = 0. Suppose 4*r = -3*b + 2*b + 22, -d*b + 4*r = -20. What is the greatest common divisor of 126 and b?
14
Let a be 2 + 9 + -6 + 12. What is the greatest common divisor of a and 272?
17
Suppose 6*t - 104 = 232. Calculate the highest common divisor of t and 14.
14
Let q be (-9)/(-2)*2/3. Let d(t) = 5*t**3 - 5*t**2 + 4*t - 4. Let v be d(q). Calculate the greatest common factor of v and 14.
14
Suppose 0 = 5*w - 2*w - 18. Suppose 2*b - 14 + w = -h, b - h = 4. Calculate the greatest common divisor of 8 and b.
4
Suppose 0 = 4*c - 32. Let d = c - 5. What is the greatest common divisor of 1 and d?
1
Let t be 10/25 - (-5152)/(-5). Let g be (-1)/(-3) + t/(-6). Suppose 0 = 4*y - 108 - g. Calculate the greatest common factor of 28 and y.
14
Suppose 0 = -3*c - 0*c + 3*b + 90, 0 = -3*b - 9. Let v = 12 - -15. Let s = v - 18. Calculate the highest common factor of c and s.
9
Let f(r) = -3*r - 30. Let c be f(-24). Calculate the greatest common factor of 24 and c.
6
Let g be (-4)/18 - (3 - (-533)/(-9)). Calculate the greatest common divisor of g and 14.
14
Let i be 3/2 + (-1)/(-2). Suppose l - 3*f + 7 = -6, -22 = -l - 4*f. Suppose -i*g = -u - 4, u + l = -0*u. Calculate the highest common factor of g and 3.
1
Let m = -173 - -213. What is the highest common divisor of 40 and m?
40
Suppose 0 = 3*m - 17 + 41. Let q = m - -17. What is the greatest common divisor of 36 and q?
9
Suppose 0 = h - 6*h + 30. Let k be 460/h - 4/(-12). What is the greatest common factor of k and 7?
7
Suppose -4*d = 4*c - 28, 4*c - 43 = -3*d + 2*d. Suppose c = -i - i. Let u be 2/i*(-32 - 1). What is the highest common factor of u and 33?
11
Suppose 16 = c - 2*s, c - 12 = 5*s - s. What is the highest common factor of 8 and c?
4
Let y(m) = m + 9. Let b be y(-2). Calculate the greatest common divisor of 7 and b.
7
Suppose -99 = -4*x + 177. Let t(q) = 0*q**2 + q + 0*q**2 + q**2 + 4. Let p be t(6). What is the greatest common divisor of x and p?
23
Suppose 0 = k - 2*d - 59, 0*k + 2*k - 100 = -2*d. Suppose 37 + k = 5*a. Calculate the greatest common divisor of a and 198.
18
Let h be (-3)/(-18)*3*-4. Let k be ((3 - 0) + -3)/h. Suppose 0*t + 2*t + 4*y = 4, 4*t + 5*y - 14 = k. What is the greatest common factor of 3 and t?
3
Suppose 5*t = 3*t + 8. Let i be ((-10)/t)/5*-98. Suppose 4*l = 3 + i. What is the greatest common factor of 143 and l?
13
Let u be (46/4)/((-15)/(-210)). Calculate the highest common divisor of u and 23.
23
Let f = 16 - -2. Let b = f + -10. Let d = b + 80. Calculate the greatest common divisor of d and 8.
8
Let t be ((-10)/(-3))/(1 + (-43)/45). Calculate the highest common divisor of 50 and t.
25
Suppose 0 = -0*w - 2*w + 192. Suppose -w - 6 = i. Let s be 2/(-10) + i/(-10). What is the highest common divisor of s and 20?
10
Let x = 17 + 18. What is the highest common factor of 14 and x?
7
Suppose 4*r = 5*r - 6. Suppose -90 = -3*f + 3*v, r*v = 2*f + v - 66. What is the greatest common divisor of f and 4?
4
Let t = -33 + 56. Let j be t - (5 + 9/(-3)). What is the highest common factor of j and 126?
21
Let v(f) = 4*f - 12. Let c be v(5). What is the greatest common factor of 4 and c?
4
Let d = -68 - -73. Let o(b) = b**3 + b**2 - 2*b - 1. Let p be o(-1). Calculate the greatest common factor of p and d.
1
Let q(b) = -33*b + 3. Let a be q(-3). Suppose -4*n + n + a = 0. Calculate the highest common divisor of 85 and n.
17
Let v be ((-6)/(-1))/((-7)/(-21)). What is the highest common divisor of 12 and v?
6
Let z = 42 + -15. What is the highest common factor of z and 108?
27
Let b(l) = -l**2 - 7*l + 8. Let y = -6 + -2. Let m be b(y). Suppose m = 2*x - 24 - 48. What is the greatest common divisor of x and 18?
18
Let l = 5 + 2. Let i(u) = u. Let t be i(5). Suppose t*b - 110 = -5. What is the greatest common factor of l and b?
7
Suppose 3*c - 131 = -35. Let f be 116 + 3/3*-1. Let n = 163 - f. Calculate the highest common factor of c and n.
16
Let n(v) = -5*v**2 - 49*v - 11. Let b be n(-9). What is the greatest common factor of 125 and b?
25
Let a be (2/4)/((-3)/(-834)). Let f = -27 + a. What is the highest common factor of f and 16?
16
Suppose 3*g - 2*k - 8 = 0, 2*g - 1 = 4*k - 9. What is the highest common divisor of 30 and g?
6
Let r = 18 - 9. What is the greatest common factor of r and 18?
9
Suppose 2*u = 1 + 19. Let y be (7/(21/(-30)))/(-2 + 1). What is the greatest common factor of u and y?
10
Let x = 18 - 36. Let s = 4 - x. Calculate the greatest common factor of 2 and s.
2
Suppose 4*o + 1 = 21. Suppose i + 136 = 5*l, 0 = -o*l - 3*i + 201 - 49. Calculate the highest common divisor of 28 and l.
28
Let t(l) = -l**2 + 7*l - 6. Let a be t(5). Suppose -a*y + 12 = -y. Suppose y*x - 8 = -n, n + 2*x - 5 = 3. What is the greatest common divisor of 88 and n?
8
Let j = 202 - 195. What is the highest common divisor of 1 and j?
1
Let f = 40 + -30. Calculate the greatest common divisor of 70 and f.
10
Suppose 6*r - 10*r = -40. Suppose z - 3*k + 1 + 7 = 0, -4*z + 20 = k. What is the highest common divisor of r and z?
2
Let p(r) = r**3 - 4*r**2 + 4*r - 3. Let t be p(2). Let h be -2*(-1 - t)*-8. Let s be 240/2*(-4)/(-6). What is the highest common divisor of h and s?
16
Let m(k) = k**3 - 19*k**2 + 35*k - 14. Let x be m(17). Let h(y) = -y**3 - 5*y**2 + 3. Let j be h(-5). What is the highest common factor of x and j?
3
Let d(p) = p**3 - 3*p**2 - 9*p - 8. Let q be d(7). What is the greatest common divisor of 50 and q?
25
Suppose -18*q - 699 = -2535. Suppose c - 27 = -10. What is the highest common factor of c and q?
17
Let z = 7 + -4. Calculate the highest common divisor of 9 and z.
3
Suppose -a + 61 = 40. What is the greatest common factor of a and 147?
21
Suppose 11*l = 14*l + 192. Let o = -34 - l. Calculate the highest common divisor of 15 and o.
15
Let g = -150 + 230. What is the greatest common divisor of g and 10?
10
Let o be 86/6 + 6/(-18). Let d = o + -1. Calculate the highest common divisor of d and 104.
13
Let v(n) be the first derivative of -n**3/3 - 7*n**2/2 + 8*n - 1. Let s be v(-9). Let b be (2 + s)/(-3 + 1). What is the greatest common divisor of b and 16?
4
Let f be ((-4)/10)/((-5)/25). Suppose 0 = f*l + 2*l + 24. Let g be 6 + -1 - l/3. Calculate the greatest common factor of g and 77.
7
Suppose 3*s - c - 8 = 7, 3*c = 0. Suppose -80 = -s*o + 250. Suppose 2*p - 28 = 3*l, -10 = 4*p - l - o. What is the greatest common divisor of p and 126?
14
Let k(q) = -q + 5. Let b be k(-4). Let t be (b/(-6))/(1/(-120)). What is the highest common divisor of 18 and t?
18
Let f be 12/9 + (-564)/(-9). What is the highest common factor of 8 and f?
8
Let y be 68*(2 - 15/(-12)). Let i be (-11)/44 - y/(-4). Suppose -4*t = -i - 105. What is the highest common divisor of t and 16?
8
Let z(k) = 3*k**2 + 21*k - 8. Let i be z(-8). What is the greatest common divisor of 112 and i?
16
Let g(k) = -k**3 - 2*k - 10. Let q be g(0). Let v = -2 - q. Calculate the greatest common factor of v and 12.
4
Let z = 0 - 4. Let m = 17 + -1. Let c = m - z. Calculate the greatest common divisor of c and 50.
10
Suppose r = -5*v - r + 731, 4*v -